{"id":25048,"date":"2022-02-02T11:11:17","date_gmt":"2022-02-02T14:11:17","guid":{"rendered":"https:\/\/loja.iprojectti.com.br\/?product=wireless-ac-n-premium-dual-radio-access-point-with-poe"},"modified":"2022-02-11T11:15:59","modified_gmt":"2022-02-11T14:15:59","slug":"wireless-ac-n-premium-dual-radio-access-point-with-poe","status":"publish","type":"product","link":"https:\/\/loja.iprojectti.com.br\/?product=wireless-ac-n-premium-dual-radio-access-point-with-poe","title":{"rendered":"Wireless-ac\/n Premium Dual Radio Access Point With Poe"},"content":{"rendered":"<p class=\"ckeditor-css\"><span style=\"font-family: Arial,Helvetica,sans-serif;\">O ponto de acesso de r\u00e1dio duplo superior WAP571 Wireless-AC\/N com PoE usa o r\u00e1dio simult\u00e2neo da duplo-faixa para a capacidade melhorada da cobertura e do usu\u00e1rio.<\/span><\/p>\n","protected":false},"excerpt":{"rendered":"<p>O ponto de acesso de r\u00e1dio duplo superior WAP571 Wireless-AC\/N com PoE usa o r\u00e1dio simult\u00e2neo da duplo-faixa para a capacidade melhorada da cobertura e do usu\u00e1rio.<\/p>\n","protected":false},"featured_media":25202,"comment_status":"open","ping_status":"closed","template":"","meta":[],"product_cat":[409],"product_tag":[],"class_list":{"0":"post-25048","1":"product","2":"type-product","3":"status-publish","4":"has-post-thumbnail","6":"product_cat-ap-access-points","8":"first","9":"instock","10":"shipping-taxable","11":"purchasable","12":"product-type-simple"},"acf":[],"_links":{"self":[{"href":"https:\/\/loja.iprojectti.com.br\/index.php?rest_route=\/wp\/v2\/product\/25048","targetHints":{"allow":["GET"]}}],"collection":[{"href":"https:\/\/loja.iprojectti.com.br\/index.php?rest_route=\/wp\/v2\/product"}],"about":[{"href":"https:\/\/loja.iprojectti.com.br\/index.php?rest_route=\/wp\/v2\/types\/product"}],"replies":[{"embeddable":true,"href":"https:\/\/loja.iprojectti.com.br\/index.php?rest_route=%2Fwp%2Fv2%2Fcomments&post=25048"}],"wp:featuredmedia":[{"embeddable":true,"href":"https:\/\/loja.iprojectti.com.br\/index.php?rest_route=\/wp\/v2\/media\/25202"}],"wp:attachment":[{"href":"https:\/\/loja.iprojectti.com.br\/index.php?rest_route=%2Fwp%2Fv2%2Fmedia&parent=25048"}],"wp:term":[{"taxonomy":"product_cat","embeddable":true,"href":"https:\/\/loja.iprojectti.com.br\/index.php?rest_route=%2Fwp%2Fv2%2Fproduct_cat&post=25048"},{"taxonomy":"product_tag","embeddable":true,"href":"https:\/\/loja.iprojectti.com.br\/index.php?rest_route=%2Fwp%2Fv2%2Fproduct_tag&post=25048"}],"curies":[{"name":"wp","href":"https:\/\/api.w.org\/{rel}","templated":true}]}}