{"id":25018,"date":"2022-02-02T11:11:09","date_gmt":"2022-02-02T14:11:09","guid":{"rendered":"https:\/\/loja.iprojectti.com.br\/?product=spark-room-55-floor-stand-kit"},"modified":"2022-02-13T00:00:20","modified_gmt":"2022-02-13T03:00:20","slug":"spark-room-55-floor-stand-kit","status":"publish","type":"product","link":"https:\/\/loja.iprojectti.com.br\/?product=spark-room-55-floor-stand-kit","title":{"rendered":"Spark Room 55, Floor Stand Kit"},"content":{"rendered":"<p class=\"pBody ckeditor-css\" style=\"border: 0px;margin: 1px 0em 5px;padding: 0px;text-align: left\"><span style=\"font-size: 14px\"><span style=\"font-style: normal\"><span style=\"font-variant: normal\"><span style=\"font-weight: 400\"><span><span style=\"line-height: 1.7\"><span style=\"font-family: CiscoSans, Arial, sans-serif\"><span style=\"vertical-align: baseline\"><span style=\"color: #525252\"><span style=\"text-decoration: none\"><span style=\"text-transform: none\"><span style=\"overflow: visible\"><span style=\"letter-spacing: normal\"><span><span><span><span><span style=\"background-color: #ffffff\"><span style=\"overflow: visible;font-family: CiscoSans, Arial, sans-serif;font-size: 14px;vertical-align: inherit\"><span style=\"overflow: visible;font-family: CiscoSans, Arial, sans-serif;font-size: 14px;vertical-align: inherit\">Cisco Webex\u00a0<\/span><\/span><span style=\"overflow: visible;font-family: CiscoSans, Arial, sans-serif;font-size: 14px;vertical-align: inherit\"><span style=\"overflow: visible;font-family: CiscoSans, Arial, sans-serif;font-size: 14px;vertical-align: inherit\">Room 55 combina uma experi\u00eancia inigual\u00e1vel de v\u00eddeo e \u00e1udio com um design sofisticado e premiado com o Red Dot para criar um sistema de colabora\u00e7\u00e3o de equipe atraente.<\/span><\/span><\/span><\/span><\/span><\/span><\/span><\/span><\/span><\/span><\/span><\/span><\/span><\/span><\/span><\/span><\/span><\/span><\/span><\/span><\/p>\n<p class=\"pBody ckeditor-css\" style=\"border: 0px;margin: 1px 0em 5px;padding: 0px;text-align: left\"><span style=\"font-size: 14px\"><span style=\"font-style: normal\"><span style=\"font-variant: normal\"><span style=\"font-weight: 400\"><span><span style=\"line-height: 1.7\"><span style=\"font-family: CiscoSans, Arial, sans-serif\"><span style=\"vertical-align: baseline\"><span style=\"color: #525252\"><span style=\"text-decoration: none\"><span style=\"text-transform: none\"><span style=\"overflow: visible\"><span style=\"letter-spacing: normal\"><span><span><span><span><span style=\"background-color: #ffffff\"><span style=\"overflow: visible;font-family: CiscoSans, Arial, sans-serif;font-size: 14px;vertical-align: inherit\"><span style=\"overflow: visible;font-family: CiscoSans, Arial, sans-serif;font-size: 14px;vertical-align: inherit\">A Sala 55, que inclui c\u00e2mera, codec, display, sistema de alto-falantes e microfones integrados em um \u00fanico dispositivo, \u00e9 otimizada para salas que acomodam at\u00e9 sete pessoas.\u00a0<\/span><span style=\"overflow: visible;font-family: CiscoSans, Arial, sans-serif;font-size: 14px;vertical-align: inherit\">\u00c9 um sistema integrado e multifuncional f\u00e1cil de instalar, usar, implantar e gerenciar.\u00a0<\/span><span style=\"overflow: visible;font-family: CiscoSans, Arial, sans-serif;font-size: 14px;vertical-align: inherit\">\u00c9 fabricado com componentes de alta qualidade: display 4K profissional para longevidade e lat\u00eancia m\u00ednima, c\u00e2mera com zoom digital potente para rastreamento discreto, sistema de alto-falantes sofisticado e amplificador para fornecer som rico e um design industrial leve que combina alum\u00ednio e tecido para um desenvolvimento sustent\u00e1vel e humanizador efeito.<\/span><\/span><\/span><\/span><\/span><\/span><\/span><\/span><\/span><\/span><\/span><\/span><\/span><\/span><\/span><\/span><\/span><\/span><\/span><\/span><\/p>\n<p class=\"pBody ckeditor-css\" style=\"border: 0px;margin: 1px 0em 5px;padding: 0px;text-align: left\"><span style=\"font-size: 14px\"><span style=\"font-style: normal\"><span style=\"font-variant: normal\"><span style=\"font-weight: 400\"><span><span style=\"line-height: 1.7\"><span style=\"font-family: CiscoSans, Arial, sans-serif\"><span style=\"vertical-align: baseline\"><span style=\"color: #525252\"><span style=\"text-decoration: none\"><span style=\"text-transform: none\"><span style=\"overflow: visible\"><span style=\"letter-spacing: normal\"><span><span><span><span><span style=\"background-color: #ffffff\"><span style=\"overflow: visible;font-family: CiscoSans, Arial, sans-serif;font-size: 14px;vertical-align: inherit\"><span style=\"overflow: visible;font-family: CiscoSans, Arial, sans-serif;font-size: 14px;vertical-align: inherit\">A Cisco Webex Room 55 tem c<\/span><\/span><span style=\"overflow: visible;font-family: CiscoSans, Arial, sans-serif;font-size: 14px;vertical-align: inherit\"><span style=\"overflow: visible;font-family: CiscoSans, Arial, sans-serif;font-size: 14px;vertical-align: inherit\">omo tecnologia base, trazendo novos recursos, como rastreamento de alto-falante, melhor vis\u00e3o geral, despertar autom\u00e1tico e contagem de pessoas para permitir reuni\u00f5es ainda mais inteligentes, recursos de apresenta\u00e7\u00e3o mais inteligentes e sala e dispositivo mais inteligentes integra\u00e7\u00f5es.\u00a0<\/span><span style=\"overflow: visible;font-family: CiscoSans, Arial, sans-serif;font-size: 14px;vertical-align: inherit\">Esses recursos e funcionalidades removem ainda mais as barreiras ao uso e implanta\u00e7\u00e3o de v\u00eddeo em salas de reuni\u00f5es de pequeno a m\u00e9dio porte.\u00a0<\/span><span style=\"overflow: visible;font-family: CiscoSans, Arial, sans-serif;font-size: 14px;vertical-align: inherit\">A Sala 55 \u00e9 rica em funcionalidade e experi\u00eancia, mas tem um pre\u00e7o e foi projetada para ser facilmente escalon\u00e1vel para todas as suas salas de reuni\u00e3o e espa\u00e7os, sejam registrados no local ou no Cisco Webex.<\/span><\/span><\/span><\/span><\/span><\/span><\/span><\/span><\/span><\/span><\/span><\/span><\/span><\/span><\/span><\/span><\/span><\/span><\/span><\/span><\/p>\n","protected":false},"excerpt":{"rendered":"<p>Cisco Webex\u00a0Room 55 combina uma experi\u00eancia inigual\u00e1vel de v\u00eddeo e \u00e1udio com um design sofisticado e premiado com o Red Dot para criar um sistema de colabora\u00e7\u00e3o de equipe atraente.<\/p>\n","protected":false},"featured_media":25592,"comment_status":"open","ping_status":"closed","template":"","meta":[],"product_cat":[466,450],"product_tag":[],"class_list":{"0":"post-25018","1":"product","2":"type-product","3":"status-publish","4":"has-post-thumbnail","6":"product_cat-acessorios-colaboracao","7":"product_cat-room-endpoints","9":"first","10":"instock","11":"shipping-taxable","12":"purchasable","13":"product-type-simple"},"acf":[],"_links":{"self":[{"href":"https:\/\/loja.iprojectti.com.br\/index.php?rest_route=\/wp\/v2\/product\/25018","targetHints":{"allow":["GET"]}}],"collection":[{"href":"https:\/\/loja.iprojectti.com.br\/index.php?rest_route=\/wp\/v2\/product"}],"about":[{"href":"https:\/\/loja.iprojectti.com.br\/index.php?rest_route=\/wp\/v2\/types\/product"}],"replies":[{"embeddable":true,"href":"https:\/\/loja.iprojectti.com.br\/index.php?rest_route=%2Fwp%2Fv2%2Fcomments&post=25018"}],"wp:featuredmedia":[{"embeddable":true,"href":"https:\/\/loja.iprojectti.com.br\/index.php?rest_route=\/wp\/v2\/media\/25592"}],"wp:attachment":[{"href":"https:\/\/loja.iprojectti.com.br\/index.php?rest_route=%2Fwp%2Fv2%2Fmedia&parent=25018"}],"wp:term":[{"taxonomy":"product_cat","embeddable":true,"href":"https:\/\/loja.iprojectti.com.br\/index.php?rest_route=%2Fwp%2Fv2%2Fproduct_cat&post=25018"},{"taxonomy":"product_tag","embeddable":true,"href":"https:\/\/loja.iprojectti.com.br\/index.php?rest_route=%2Fwp%2Fv2%2Fproduct_tag&post=25018"}],"curies":[{"name":"wp","href":"https:\/\/api.w.org\/{rel}","templated":true}]}}