{"id":24824,"date":"2022-02-02T11:10:12","date_gmt":"2022-02-02T14:10:12","guid":{"rendered":"https:\/\/loja.iprojectti.com.br\/?product=meraki-wall-mount-arm-for-mv72"},"modified":"2022-03-03T16:39:28","modified_gmt":"2022-03-03T19:39:28","slug":"meraki-wall-mount-arm-for-mv72","status":"publish","type":"product","link":"https:\/\/loja.iprojectti.com.br\/?product=meraki-wall-mount-arm-for-mv72","title":{"rendered":"Meraki Wall Mount Arm for MV72"},"content":{"rendered":"<h4 class=\"ckeditor-css\"><strong><span style=\"font-size: 14px;\">Compatibilidade<\/span><\/strong><\/h4>\n<ul class=\"ckeditor-css\">\n<li>MV72, MV72X<\/li>\n<\/ul>\n<h4 class=\"ckeditor-css\"><strong><span style=\"font-size: 14px;\">Inclui<\/span><\/strong><\/h4>\n<ul class=\"ckeditor-css\">\n<li>Tampa suspensa<\/li>\n<\/ul>\n<h4 class=\"ckeditor-css\"><strong><span style=\"font-size: 14px;\">Dimens\u00f5es<\/span><\/strong><\/h4>\n<ul class=\"ckeditor-css\">\n<li>Suporte de parede 160,0 mm C \u00d7 104,0 mm L \u00d7 286,0 mm P<\/li>\n<\/ul>\n<h4 class=\"ckeditor-css\"><strong><span style=\"font-size: 14px;\">Peso<\/span><\/strong><\/h4>\n<ul class=\"ckeditor-css\">\n<li>0,67 kg<\/li>\n<\/ul>\n<h4 class=\"ckeditor-css\"><strong><span style=\"font-size: 14px;\">Informa\u00e7\u00f5es para pedidos<\/span><\/strong><\/h4>\n<ul class=\"ckeditor-css\">\n<li>MA-MNT-MV-10<\/li>\n<\/ul>\n","protected":false},"excerpt":{"rendered":"<p>Compatibilidade MV72, MV72X Inclui Tampa suspensa Dimens\u00f5es Suporte de parede 160,0 mm C \u00d7 104,0 mm L \u00d7 286,0 mm P Peso 0,67 kg Informa\u00e7\u00f5es para pedidos MA-MNT-MV-10<\/p>\n","protected":false},"featured_media":25269,"comment_status":"open","ping_status":"closed","template":"","meta":[],"product_cat":[467],"product_tag":[],"class_list":{"0":"post-24824","1":"product","2":"type-product","3":"status-publish","4":"has-post-thumbnail","6":"product_cat-mv-cameras-inteligentes","8":"first","9":"instock","10":"shipping-taxable","11":"purchasable","12":"product-type-simple"},"acf":[],"_links":{"self":[{"href":"https:\/\/loja.iprojectti.com.br\/index.php?rest_route=\/wp\/v2\/product\/24824","targetHints":{"allow":["GET"]}}],"collection":[{"href":"https:\/\/loja.iprojectti.com.br\/index.php?rest_route=\/wp\/v2\/product"}],"about":[{"href":"https:\/\/loja.iprojectti.com.br\/index.php?rest_route=\/wp\/v2\/types\/product"}],"replies":[{"embeddable":true,"href":"https:\/\/loja.iprojectti.com.br\/index.php?rest_route=%2Fwp%2Fv2%2Fcomments&post=24824"}],"wp:featuredmedia":[{"embeddable":true,"href":"https:\/\/loja.iprojectti.com.br\/index.php?rest_route=\/wp\/v2\/media\/25269"}],"wp:attachment":[{"href":"https:\/\/loja.iprojectti.com.br\/index.php?rest_route=%2Fwp%2Fv2%2Fmedia&parent=24824"}],"wp:term":[{"taxonomy":"product_cat","embeddable":true,"href":"https:\/\/loja.iprojectti.com.br\/index.php?rest_route=%2Fwp%2Fv2%2Fproduct_cat&post=24824"},{"taxonomy":"product_tag","embeddable":true,"href":"https:\/\/loja.iprojectti.com.br\/index.php?rest_route=%2Fwp%2Fv2%2Fproduct_tag&post=24824"}],"curies":[{"name":"wp","href":"https:\/\/api.w.org\/{rel}","templated":true}]}}