{"id":24686,"date":"2022-02-02T11:09:32","date_gmt":"2022-02-02T14:09:32","guid":{"rendered":"https:\/\/loja.iprojectti.com.br\/?product=catalyst-9500-24x1-10-25g-and-4-p"},"modified":"2022-02-10T11:46:24","modified_gmt":"2022-02-10T14:46:24","slug":"catalyst-9500-24x1-10-25g-and-4-p","status":"publish","type":"product","link":"https:\/\/loja.iprojectti.com.br\/?product=catalyst-9500-24x1-10-25g-and-4-p","title":{"rendered":"Catalyst 9500 24&#215;1\/10\/25g  And 4-p"},"content":{"rendered":"<p class=\"pIntroCMT ckeditor-css\" style=\"border: 0px; margin: 1px 0px 30px; padding: 0px; text-align: left; -webkit-text-stroke-width: 0px;\"><span style=\"font-size: 18px;\"><span style=\"font-style: normal;\"><span style=\"font-variant: normal;\"><span style=\"font-weight: 400;\"><span style=\"font-stretch: inherit;\"><span style=\"line-height: 1.7;\"><span style=\"font-family: CiscoSans, Arial, sans-serif;\"><span style=\"vertical-align: baseline;\"><span style=\"color: #525252;\"><span style=\"text-decoration: none;\"><span style=\"text-transform: none;\"><span style=\"overflow: visible;\"><span style=\"letter-spacing: normal;\"><span style=\"orphans: 2;\"><span style=\"white-space: normal;\"><span style=\"widows: 2;\"><span style=\"word-spacing: 0px;\"><span style=\"background-color: #ffffff;\"><span style=\"break-before: page;\"><span style=\"overflow: visible; font-family: CiscoSans, Arial, sans-serif; font-size: 14px; vertical-align: inherit;\"><span style=\"overflow: visible; font-family: CiscoSans, Arial, sans-serif; font-size: 14px; vertical-align: inherit;\">Os switches Cisco Catalyst \u00a0Series s\u00e3o desenvolvidos para oferecer resili\u00eancia em escala com a seguran\u00e7a mais abrangente do setor e permitem que sua empresa cres\u00e7a com o menor custo operacional total.\u00a0<\/span><\/span><\/span><\/span><\/span><\/span><\/span><\/span><\/span><\/span><\/span><\/span><\/span><\/span><\/span><\/span><\/span><\/span><\/span><\/span><\/span><\/p>\n<p class=\"pIntroCMT ckeditor-css\" style=\"border: 0px; margin: 1px 0px 30px; padding: 0px; text-align: left; -webkit-text-stroke-width: 0px;\"><span style=\"font-size: 14px;\"><span style=\"font-style: normal;\"><span style=\"font-variant: normal;\"><span style=\"font-weight: 400;\"><span style=\"font-stretch: inherit;\"><span style=\"line-height: 1.7;\"><span style=\"font-family: CiscoSans, Arial, sans-serif;\"><span style=\"vertical-align: baseline;\"><span style=\"color: #525252;\"><span style=\"text-decoration: none;\"><span style=\"text-transform: none;\"><span style=\"overflow: visible;\"><span style=\"letter-spacing: normal;\"><span style=\"orphans: 2;\"><span style=\"white-space: normal;\"><span style=\"widows: 2;\"><span style=\"word-spacing: 0px;\"><span style=\"background-color: #ffffff;\"><span style=\"overflow: visible; font-family: CiscoSans, Arial, sans-serif; font-size: 14px; vertical-align: inherit;\"><span style=\"overflow: visible; font-family: CiscoSans, Arial, sans-serif; font-size: 14px; vertical-align: inherit;\">Como blocos de constru\u00e7\u00e3o b\u00e1sicos para a arquitetura de rede digital da Cisco, os switches da s\u00e9rie Catalyst ajudam os clientes a simplificar a complexidade, otimizar a TI e reduzir os custos operacionais, aproveitando a intelig\u00eancia, automa\u00e7\u00e3o e experi\u00eancia humana que nenhum outro fornecedor pode oferecer, independentemente de onde voc\u00ea esteja. jornada de networking.<\/span><\/span><\/span><\/span><\/span><\/span><\/span><\/span><\/span><\/span><\/span><\/span><\/span><\/span><\/span><\/span><\/span><\/span><\/span><\/span><\/p>\n<p class=\"pBody ckeditor-css\" style=\"border: 0px; margin: 1px 0em 5px; padding: 0px; text-align: left; -webkit-text-stroke-width: 0px;\"><span style=\"font-size: 14px;\"><span style=\"font-style: normal;\"><span style=\"font-variant: normal;\"><span style=\"font-weight: 400;\"><span style=\"font-stretch: inherit;\"><span style=\"line-height: 1.7;\"><span style=\"font-family: CiscoSans, Arial, sans-serif;\"><span style=\"vertical-align: baseline;\"><span style=\"color: #525252;\"><span style=\"text-decoration: none;\"><span style=\"text-transform: none;\"><span style=\"overflow: visible;\"><span style=\"letter-spacing: normal;\"><span style=\"orphans: 2;\"><span style=\"white-space: normal;\"><span style=\"widows: 2;\"><span style=\"word-spacing: 0px;\"><span style=\"background-color: #ffffff;\"><span style=\"overflow: visible; font-family: CiscoSans, Arial, sans-serif; font-size: 14px; vertical-align: inherit;\"><span style=\"overflow: visible; font-family: CiscoSans, Arial, sans-serif; font-size: 14px; vertical-align: inherit;\">Os Catalyst Series Switches fornecem recursos de seguran\u00e7a que protegem a integridade do hardware, bem como do software e de todos os dados que fluem pelo switch.\u00a0<\/span><span style=\"overflow: visible; font-family: CiscoSans, Arial, sans-serif; font-size: 14px; vertical-align: inherit;\">Ele fornece resili\u00eancia que mant\u00e9m sua empresa em pleno funcionamento.\u00a0<\/span><span style=\"overflow: visible; font-family: CiscoSans, Arial, sans-serif; font-size: 14px; vertical-align: inherit;\">Combine isso com APIs abertas do Cisco IOS XE e programa\u00e7\u00e3o da tecnologia UADP ASIC, os switches da s\u00e9rie Catalyst oferecem o que voc\u00ea precisa agora, com prote\u00e7\u00e3o de investimento em inova\u00e7\u00f5es futuras.<\/span><\/span><\/span><\/span><\/span><\/span><\/span><\/span><\/span><\/span><\/span><\/span><\/span><\/span><\/span><\/span><\/span><\/span><\/span><\/span><\/p>\n","protected":false},"excerpt":{"rendered":"<p>Os switches Cisco Catalyst \u00a0Series s\u00e3o desenvolvidos para oferecer resili\u00eancia em escala com a seguran\u00e7a mais abrangente do setor e permitem que sua empresa cres\u00e7a com o menor custo operacional<\/p>\n","protected":false},"featured_media":25464,"comment_status":"open","ping_status":"closed","template":"","meta":[],"product_cat":[433],"product_tag":[],"class_list":{"0":"post-24686","1":"product","2":"type-product","3":"status-publish","4":"has-post-thumbnail","6":"product_cat-catalyst-series","8":"first","9":"instock","10":"shipping-taxable","11":"purchasable","12":"product-type-simple"},"acf":[],"_links":{"self":[{"href":"https:\/\/loja.iprojectti.com.br\/index.php?rest_route=\/wp\/v2\/product\/24686","targetHints":{"allow":["GET"]}}],"collection":[{"href":"https:\/\/loja.iprojectti.com.br\/index.php?rest_route=\/wp\/v2\/product"}],"about":[{"href":"https:\/\/loja.iprojectti.com.br\/index.php?rest_route=\/wp\/v2\/types\/product"}],"replies":[{"embeddable":true,"href":"https:\/\/loja.iprojectti.com.br\/index.php?rest_route=%2Fwp%2Fv2%2Fcomments&post=24686"}],"wp:featuredmedia":[{"embeddable":true,"href":"https:\/\/loja.iprojectti.com.br\/index.php?rest_route=\/wp\/v2\/media\/25464"}],"wp:attachment":[{"href":"https:\/\/loja.iprojectti.com.br\/index.php?rest_route=%2Fwp%2Fv2%2Fmedia&parent=24686"}],"wp:term":[{"taxonomy":"product_cat","embeddable":true,"href":"https:\/\/loja.iprojectti.com.br\/index.php?rest_route=%2Fwp%2Fv2%2Fproduct_cat&post=24686"},{"taxonomy":"product_tag","embeddable":true,"href":"https:\/\/loja.iprojectti.com.br\/index.php?rest_route=%2Fwp%2Fv2%2Fproduct_tag&post=24686"}],"curies":[{"name":"wp","href":"https:\/\/api.w.org\/{rel}","templated":true}]}}